30 = n - 33. Let u(t) = -7*t**2 - 6*t + 9*t**3 - 10*t**n + 0*t - 9 + 0. Give u(b).
-9
Let t(n) = -3*n - 1. Let i = -14 + 18. Suppose 0 = -3*w - 4*y - 1, -14 + 6 = i*w + 2*y. Calculate t(w).
8
Let i = 5462 + -5458. Let v(w) = -3*w**3 + 9*w**2 + 3. Determine v(i).
-45
Let c be 1/((-2)/(-36)*-3). Let o(j) be the first derivative of j**4/4 + 2*j**3 - j**2 - 6*j - 1331. Calculate o(c).
6
Let m(r) = -6*r**2 + 25*r + 3. Let s(l) = 4*l**2 - 17*l - 2. Let u(f) = -5*m(f) - 7*s(f). What is u(3)?
-1
Let n(i) = -i**3 + 6*i**2 - 8*i + 41. Let u(a) = -3*a**2 - 151*a + 6. Let z be u(0). What is n(z)?
-7
Let h(t) = -41*t**2 + 11*t - 9. Let k(b) = -10*b**2 + b. Let v(n) = h(n) - 4*k(n). What is v(5)?
1
Let i(d) = 27*d**2 - 2*d + 3. Let z = 22922 + -22920. Calculate i(z).
107
Let q(o) = o - o**2 - 8*o + 2*o**2 - 2. Suppose -5*s + 846 = 13*s. Suppose -52 = -h - s. Calculate q(h).
-12
Let l(i) = 8*i - 69. Let d be l(9). Let m(y) = -y**3 + 103 - 103 - 10*y**d + y. What is m(-1)?
10
Let s = -119 - -105. Let x be 420/245 - 4/s. Suppose 4*a + x*p - 7 = a, -2*p = -2*a + 8. Let f(w) = -5*w + 2. What is f(a)?
-13
Let p(n) = 35*n**3 + 23*n**2 - 40*n - 87. Let z(m) = 16*m**3 + 12*m**2 - 20*m - 43. Let r(k) = -5*p(k) + 11*z(k). Determine r(-18).
-2
Let i(v) = -2*v**2 - 57*v - 245. Let h be i(-23). Let p(d) be the second derivative of d**3/3 - d**2 + 3*d. Calculate p(h).
14
Let w = 438 + -438. Let d(l) be the first derivative of 2 - 7*l + 1/4*l**4 + 0*l**3 + 1/2*l**2. Give d(w).
-7
Let f(m) = -m**2 - 8*m - 10. Let u be (20/6)/(((-5)/(-20))/(42/(-112))). What is f(u)?
5
Let q(w) = -22*w**2 - 204*w - 347. Let c be q(-7). Let v(h) be the second derivative of 25*h + 0 - 3/2*h**2 + 1/2*h**c. What is v(2)?
3
Let h(g) = -g + 4. Let d(j) = -7*j**3 + 3*j**2 - j - 1. Let u be d(1). Let y be (-8)/18*u*45/20. Let v(l) = l**3 - 6*l**2 + l + 2. Let c be v(y). Give h(c).
-4
Let p(f) be the third derivative of 5*f**4/24 + 97*f**3/6 + 4*f**2 - 983. Determine p(-18).
7
Let w(o) = -12 - o - 3*o + 17 + 5*o - 7. What is w(0)?
-2
Suppose 17 + 18 = -5*a. Let y(l) = 7*l + 17. Let j be (-12)/24 + ((-18)/4)/1. Let m(z) = -6*z - 15. Let p(x) = j*m(x) - 4*y(x). What is p(a)?
-7
Let s(q) = -q**3 + 23*q**2 - 3*q + 74. Let k(g) = 1390*g - 2757. Let c be k(2). What is s(c)?
5
Let s(j) = -j**2 + 3*j + 1. Let z be (3/2)/(((-1)/2)/(54 - 55)). Calculate s(z).
1
Let f(d) = 11*d + 11300 + 14*d**2 - 5654 - 5648 + 2*d**3. What is f(-6)?
4
Let z(b) = -3*b + 10. Let j be z(0). Suppose 2*f = j, -3*o = 4*f - 3*f + 37. Let n(h) = -3*h - 39. Let m be n(o). Let c(a) = 2*a**2 - 3*a - 4. Determine c(m).
5
Let u(k) = 3*k. Let b(w) be the third derivative of -w**4/24 - 13*w**3/6 - 132*w**2. Let q be b(-14). Determine u(q).
3
Let v(b) = -2 - 15*b + 12 + 12 - b**2 + 31 + 7*b. What is v(-15)?
-52
Let k be (-90)/21 - 2/(-7). Let f = -52 - -64. Let r(q) = 2 - f + 4 + 5 - 2*q. Give r(k).
7
Let j(b) = b + 7. Let i be j(-4). Let l(x) be the first derivative of 5*x**3/6 - 3*x**2/2 + 39*x - 23. Let u(y) be the first derivative of l(y). Calculate u(i).
12
Let p(g) be the first derivative of -g**3/3 - 3*g**2/2 + 68*g - 2981. What is p(-10)?
-2
Let a = 24229 - 24227. Let j(w) = 83*w + 7. Calculate j(a).
173
Let l(g) = 20*g**2 + 36*g**2 - 101*g**2 + 44*g**2 - 2*g + 13*g**3. What is l(-2)?
-104
Let w(n) be the first derivative of -n**4/4 + 3*n**3 - 9*n**2/2 + 14*n + 183. Let y be w(8). Let m(a) = a**2 - 5*a + 3. Determine m(y).
9
Let q(v) = -5*v + 6. Let o(w) = -w**3 + 74*w**2 - 66*w - 506. Let f be o(73). Determine q(f).
-19
Let w(c) = -23*c**3. Let s(n) = 114*n**3 + 18*n - 29. Let l(q) = -s(q) - 5*w(q). What is l(3)?
2
Let w(y) = -25*y**3 + 2*y**2 - y. Let b(d) = 2*d + 25. Let t be b(6). Suppose -4 = -t*z + 33*z. Give w(z).
-24
Let c(w) = -w - 7. Let g = 93 - 64. Let i be (-1 + 0)/(g/145). Calculate c(i).
-2
Let f(s) be the first derivative of -3*s**2 + 105*s - 3131. Calculate f(20).
-15
Suppose 3*s - y - 84 = 0, -10*s + 9*s + 2*y = -18. Let h(b) = -b**2 + 31*b - 42. What is h(s)?
-12
Let i(m) = -m**2 - 8*m - 10. Let f(q) be the third derivative of q**6/40 - 5*q**5/12 - 2*q**4/3 - 13*q**3/3 - 25*q**2. Let b be f(9). Calculate i(b).
-10
Let w(x) = 356*x - 708. Let t be w(2). Let l(o) = -3*o**3 + 8*o**2 - o + 2. Give l(t).
-66
Let n(p) = -p - 10. Let m be n(-9). Let s(k) be the first derivative of -7*k**2 + k + 15708. Give s(m).
15
Suppose 0 = -5*c - f + 22, 3*c = c - f + 7. Let k(z) = -22*z - 2. Let q(s) = 19*s + 2. Let n(x) = 6*k(x) + 7*q(x). Calculate n(c).
7
Let q(i) = -i**3 + 6*i**2 + 5. Let a = 47 - 46. Let w(x) = 6*x**2 - 4*x + 3. Let b be w(a). Suppose -2*g + 11 = -g - 5*s, -b*s - 17 = -2*g. Give q(g).
5
Let h(f) = -f**2 - f + 1. Let k(q) = -2*q**2 + 4*q - 4. Let y(w) = 6*h(w) + k(w). Calculate y(1).
-8
Let y(u) = u**2 - 3*u - 12. Let c be y(6). Let b(s) = -2*s**3 - s**2 - 2*s + 1. Let p(r) = -5*r**3 - 9*r**2 - 7*r + 8. Let o(k) = 3*b(k) - p(k). Calculate o(c).
1
Let d(z) = -z**3 - 8*z**2 - 3*z + 10. Suppose -2*g - 3 = 2*v - 1, 0 = -2*g - v + 3. Suppose -g*b - 196 = 24*b. Determine d(b).
-18
Let n(i) = -i**2 + 2*i + 11. Let v(t) = -t**3 - 30*t**2 - 218*t + 49. Let f be v(-17). Calculate n(f).
3
Let y(z) be the first derivative of z**6/120 - z**5/60 - z**3/3 - 17*z**2/2 - 72. Let x(l) be the second derivative of y(l). Determine x(2).
2
Let r be (9/27)/((8/(-4))/(-18)). Let d(p) be the second derivative of 35*p - 1/12*p**4 - 3/2*p**2 + 0 + p**r. Determine d(2).
5
Suppose 6*p + 3*n - 63 = 2*p, 4*n = -p + 19. Let g(v) = -v**3 + 15*v**2 + v + 4. Give g(p).
19
Suppose -48 = -4*l + 4*o, -2*l + 3 = 2*o - 17. Let x(h) = -86 + 34 + 42 + h. What is x(l)?
1
Suppose -5*z - 72 = -32. Let t(l) = 2*l**3 + 14*l**2 - 23*l + 20. Let o(i) = -i**3 - 7*i**2 + 12*i - 10. Let s(f) = -5*o(f) - 3*t(f). Give s(z).
-18
Let c be 0/(0 - -2 - 5). Suppose -2*v = 3*k - c*v - 13, 0 = -k - 5*v. Let o(t) = -t - 1. Let f(b) = 4*b - 1. Let z(j) = f(j) + 6*o(j). Determine z(k).
-17
Let v(a) = 52*a**3 + 104*a**2 - 143*a - 553. Let u(q) = 15*q**3 + 35*q**2 - 47*q - 185. Let x(c) = -7*u(c) + 2*v(c). Determine x(-38).
-1
Suppose 3*i = 25 - 1. Let a = -6 + i. Let y(c) = -6 - 2*c + 3*c - 7*c - c**a. What is y(-5)?
-1
Suppose 3*m + 3*b = -27, 3*m = 7*m + b + 30. Let x(y) be the third derivative of -y**4/24 + 85*y**2 - 1. Determine x(m).
7
Let g(u) = -11*u**2 - 15*u - 26. Let n(l) = 4*l**2 + 5*l + 9. Let k(a) = 6*g(a) + 17*n(a). Let j = -18 + -4. Let c = j + 26. Determine k(c).
9
Let u = 67/228 + -4/19. Let h(p) be the third derivative of 0 + 22*p**2 + u*p**4 + 1/120*p**6 + 1/3*p**3 + 1/20*p**5 + 0*p. Determine h(-2).
2
Suppose -v - 65 = -0*g + 5*g, 7 = -g + v. Let h(s) be the first derivative of s**2 + 17*s + 14009. Give h(g).
-7
Let u(k) = 13*k + 9. Suppose 0 = 153*h - 155*h + 12, 0 = l - 4*h + 18. Calculate u(l).
87
Suppose 5*d - 25 = 0, -3*b - 4 + 14 = -d. Let w(n) = 11*n + 2. Let s(y) = 5*y + 1. Let o = 6 + -11. Let u(i) = o*s(i) + 2*w(i). Calculate u(b).
-16
Let q(z) = 3*z**3 - z**2 - 4*z - 4. Suppose -10*f - 25*f - 52 = -9*f. What is q(f)?
-24
Let k(b) = b**3 - 5*b**2 + 8*b - 2. Let x(z) = z**3 - 39*z**2 + 36*z + 80. Let n be x(38). What is k(n)?
14
Suppose -75*t - 67 - 498 = -40. Let x(l) = 2*l**3 + 13*l**2 - 7*l - 7. Determine x(t).
-7
Let n(o) = -18*o**3 + 41*o**2 + 37*o + 42. Let h(d) = -8*d**3 + 21*d**2 + 19*d + 22. Let j(w) = -7*h(w) + 3*n(w). Calculate j(13).
24
Suppose 1309*b - 1296*b - 390 = 0. Let w(k) = -k**2 + 32*k - 57. Determine w(b).
3
Let x(l) = -7*l - 2. Let i be x(-2). Let a be (35/35)/(1/i*-1). Let u be 2/(-3) - 44/a. Let z(y) = y**3 - 4*y**2 + 2*y - 2. Determine z(u).
-5
Let b(w) be the third derivative of w**5/15 + w**4/12 + w**3/6 + w**2 - 288*w. Determine b(1).
7
Suppose 11 - 5 = 2*q. Suppose -q = -2*a - 1. Let y be a/(4 - 2) - (-40)/(-16). Let s(j) = 3*j. Calculate s(y).
-6
Suppose 3*d - 135 = 126. Let r = 88 - d. Let c(w) = -3*w**2 - w. Calculate c(r).
-4
Let b(m) = -25*m + 24. Let z(k) = k**3 - 12*k**2 - 2*k + 20. Let c be z(12). Let o(s) = 19*s - 24. Let p(n) = c*o(n) - 3*b(n). Determine p(12).
12
Let p be (-1 - (-12)/8)/(1/(-36)). Let d be (2 - p/(-4))*(-18)/5. Suppose 12*x = d*x - 3. Let u(a) = 2*a**3 - 2*a**2 - a. Calculate u(x).
-3
Let y(z) = -z**3 - 4*z**2 - z + 3. Suppose 424 = 244*h - 252*h. Suppose -4*k + 0*k = 196. Let c = h - k. 